{"id":1551,"date":"2019-10-03T11:19:06","date_gmt":"2019-10-03T09:19:06","guid":{"rendered":"http:\/\/ravnoseloff.com\/?page_id=1551"},"modified":"2024-05-31T10:39:04","modified_gmt":"2024-05-31T08:39:04","slug":"ravno-selo","status":"publish","type":"page","link":"https:\/\/ravnoseloff.com\/en\/ravno-selo\/","title":{"rendered":"Ravno selo"},"content":{"rendered":"<div class=\"wpb-content-wrapper\"><div class=\"vc_row wpb_row vc_row-fluid vc_custom_1717144741892\"><div class=\"wpb_column vc_column_container vc_col-sm-12\"><div class=\"vc_column-inner\"><div class=\"wpb_wrapper\"><h1 style=\"text-align: left\" class=\"vc_custom_heading\" >About Ravno Selo<\/h1><div class=\"vc_empty_space\"   style=\"height: 25px\"><span class=\"vc_empty_space_inner\"><\/span><\/div>\n\t<div  class=\"wpb_single_image wpb_content_element vc_align_left\">\n\t\t\n\t\t<figure class=\"wpb_wrapper vc_figure\">\n\t\t\t<div class=\"vc_single_image-wrapper   vc_box_border_grey\"><img fetchpriority=\"high\" decoding=\"async\" width=\"1920\" height=\"1025\" src=\"https:\/\/ravnoseloff.com\/wp-content\/uploads\/2019\/10\/ravno-selo-vetrenjaca.jpg\" class=\"vc_single_image-img attachment-full\" alt=\"\" title=\"ravno-selo-vetrenjaca\" srcset=\"https:\/\/ravnoseloff.com\/wp-content\/uploads\/2019\/10\/ravno-selo-vetrenjaca.jpg 1920w, https:\/\/ravnoseloff.com\/wp-content\/uploads\/2019\/10\/ravno-selo-vetrenjaca-300x160.jpg 300w, https:\/\/ravnoseloff.com\/wp-content\/uploads\/2019\/10\/ravno-selo-vetrenjaca-768x410.jpg 768w, https:\/\/ravnoseloff.com\/wp-content\/uploads\/2019\/10\/ravno-selo-vetrenjaca-1024x547.jpg 1024w\" sizes=\"(max-width: 1920px) 100vw, 1920px\" \/><\/div>\n\t\t<\/figure>\n\t<\/div>\n<div class=\"vc_empty_space\"   style=\"height: 25px\"><span class=\"vc_empty_space_inner\"><\/span><\/div>\n\t<div class=\"wpb_text_column wpb_content_element\" >\n\t\t<div class=\"wpb_wrapper\">\n\t\t\t<p>Ravno Selo is a typical Ba\u010dka village. It's the furthest from the municipal center of Vrbas, but it also offers the best connection to the western parts of Ba\u010dka and the Republic of Croatia. It lies between Kulpin and Zmajevo, or as Samu Borovsky, the author of the Ba\u010dka county monograph, put it: \"Stare \u0160ove (as the village was called until 1946) lies in the Novi Sad district between Kulpin and Stari Ker (Zmajevo).\"\nThe legend of this village's origin states that it was founded in the 15th century, with the first written records dating back to the late 15th century, specifically between 1484 and 1502. One of the owners of this area was the Hungarian nobleman Egeri\u0161 Ide\u010dkij, after whom the Jegri\u010dka River, which flows through the village, was named.<\/p>\n<p>The very origin of the village is marked by three significant settlements that, over time, merged into a single village at its current location. These \"villages\" were: Male \u0160ove, Alpar, and Pa\u0161ka.\n\nThe village of \u0160ove (now Ravno Selo), like the entire Ba\u010dka region, was part of the Hungarian state until the Battle of Moh\u00e1cs in 1526, when it became part of the Ottoman Empire. After 1699 and the Treaty of Karlowitz, Ba\u010dka, and thus the village of \u0160ove, once again found itself within the Hungarian state. From 1918, the village of \u0160ove, along with all of Ba\u010dka, was annexed to the state of Serbia.\n\nFollowing the colonization organized in 1945, the village's demographic structure changed, and its name was changed to Ravno Selo. Today, this \"typical Ba\u010dka village\" has just over 3,000 inhabitants, with a majority Serbian population, alongside Montenegrins, Macedonians, Hungarians, Croats, Roma, and others.<\/p>\n<p style=\"text-align: right;\">Boro Vojinovi\u0107,<br \/>\n<span style=\"color: #ffde00;\">Curator - Historian<\/span><\/p>\n\n\t\t<\/div>\n\t<\/div>\n<\/div><\/div><\/div><\/div>\n<\/div>","protected":false},"excerpt":{"rendered":"O Ravnom Selu Ravno Selo je tipi\u010dno ba\u010dko selo, najudaljenije je od op\u0161tinskog centra Vrbas, ali i najbolja veza prema zapadnim krajevima Ba\u010dke odnosno republike Hrvatske. Nalazi se izme\u0111u Kulpina i Zmajeva ili kako bi to rekao sastavlja\u010d monografije ba\u010dke \u017eupanije Samu Borovski \u201eStare \u0160ove (kako se selo nazivalo do 1946. godine), le\u017ee u novosadskom [...]","protected":false},"author":1,"featured_media":0,"parent":0,"menu_order":0,"comment_status":"closed","ping_status":"closed","template":"template-landing.php","meta":{"_acf_changed":false,"footnotes":""},"class_list":["post-1551","page","type-page","status-publish","hentry"],"acf":[],"yoast_head":"<!-- This site is optimized with the Yoast SEO plugin v23.6 - https:\/\/yoast.com\/wordpress\/plugins\/seo\/ -->\n<title>Ravno selo - Ravno selo<\/title>\n<meta name=\"robots\" content=\"index, follow, max-snippet:-1, max-image-preview:large, max-video-preview:-1\" \/>\n<link rel=\"canonical\" href=\"https:\/\/ravnoseloff.com\/en\/ravno-selo\/\" \/>\n<meta property=\"og:locale\" content=\"en_GB\" \/>\n<meta property=\"og:type\" content=\"article\" \/>\n<meta property=\"og:title\" content=\"Ravno selo - Ravno selo\" \/>\n<meta property=\"og:url\" content=\"https:\/\/ravnoseloff.com\/en\/ravno-selo\/\" \/>\n<meta property=\"og:site_name\" content=\"Ravno selo\" \/>\n<meta property=\"article:modified_time\" content=\"2024-05-31T08:39:04+00:00\" \/>\n<meta name=\"twitter:card\" content=\"summary_large_image\" \/>\n<meta name=\"twitter:label1\" content=\"Estimated reading time\" \/>\n\t<meta name=\"twitter:data1\" content=\"2 minutes\" \/>\n<script type=\"application\/ld+json\" class=\"yoast-schema-graph\">{\"@context\":\"https:\/\/schema.org\",\"@graph\":[{\"@type\":\"WebPage\",\"@id\":\"https:\/\/ravnoseloff.com\/ravno-selo\/\",\"url\":\"https:\/\/ravnoseloff.com\/ravno-selo\/\",\"name\":\"Ravno selo - Ravno selo\",\"isPartOf\":{\"@id\":\"https:\/\/ravnoseloff.com\/en\/home\/#website\"},\"datePublished\":\"2019-10-03T09:19:06+00:00\",\"dateModified\":\"2024-05-31T08:39:04+00:00\",\"breadcrumb\":{\"@id\":\"https:\/\/ravnoseloff.com\/ravno-selo\/#breadcrumb\"},\"inLanguage\":\"en-GB\",\"potentialAction\":[{\"@type\":\"ReadAction\",\"target\":[\"https:\/\/ravnoseloff.com\/ravno-selo\/\"]}]},{\"@type\":\"BreadcrumbList\",\"@id\":\"https:\/\/ravnoseloff.com\/ravno-selo\/#breadcrumb\",\"itemListElement\":[{\"@type\":\"ListItem\",\"position\":1,\"name\":\"Po\u010detna\",\"item\":\"https:\/\/ravnoseloff.com\/\"},{\"@type\":\"ListItem\",\"position\":2,\"name\":\"Ravno selo\"}]},{\"@type\":\"WebSite\",\"@id\":\"https:\/\/ravnoseloff.com\/en\/home\/#website\",\"url\":\"https:\/\/ravnoseloff.com\/en\/home\/\",\"name\":\"Ravno selo filmski festival\",\"description\":\"Filmski festival\",\"publisher\":{\"@id\":\"https:\/\/ravnoseloff.com\/en\/home\/#organization\"},\"potentialAction\":[{\"@type\":\"SearchAction\",\"target\":{\"@type\":\"EntryPoint\",\"urlTemplate\":\"https:\/\/ravnoseloff.com\/en\/home\/?s={search_term_string}\"},\"query-input\":{\"@type\":\"PropertyValueSpecification\",\"valueRequired\":true,\"valueName\":\"search_term_string\"}}],\"inLanguage\":\"en-GB\"},{\"@type\":\"Organization\",\"@id\":\"https:\/\/ravnoseloff.com\/en\/home\/#organization\",\"name\":\"Ravno selo filmski festival\",\"url\":\"https:\/\/ravnoseloff.com\/en\/home\/\",\"logo\":{\"@type\":\"ImageObject\",\"inLanguage\":\"en-GB\",\"@id\":\"https:\/\/ravnoseloff.com\/en\/home\/#\/schema\/logo\/image\/\",\"url\":\"https:\/\/ravnoseloff.com\/wp-content\/uploads\/2019\/10\/logo_sr.png\",\"contentUrl\":\"https:\/\/ravnoseloff.com\/wp-content\/uploads\/2019\/10\/logo_sr.png\",\"width\":92,\"height\":47,\"caption\":\"Ravno selo filmski festival\"},\"image\":{\"@id\":\"https:\/\/ravnoseloff.com\/en\/home\/#\/schema\/logo\/image\/\"}}]}<\/script>\n<!-- \/ Yoast SEO plugin. -->","yoast_head_json":{"title":"Ravno selo - Ravno selo","robots":{"index":"index","follow":"follow","max-snippet":"max-snippet:-1","max-image-preview":"max-image-preview:large","max-video-preview":"max-video-preview:-1"},"canonical":"https:\/\/ravnoseloff.com\/en\/ravno-selo\/","og_locale":"en_GB","og_type":"article","og_title":"Ravno selo - Ravno selo","og_url":"https:\/\/ravnoseloff.com\/en\/ravno-selo\/","og_site_name":"Ravno selo","article_modified_time":"2024-05-31T08:39:04+00:00","twitter_card":"summary_large_image","twitter_misc":{"Estimated reading time":"2 minutes"},"schema":{"@context":"https:\/\/schema.org","@graph":[{"@type":"WebPage","@id":"https:\/\/ravnoseloff.com\/ravno-selo\/","url":"https:\/\/ravnoseloff.com\/ravno-selo\/","name":"Ravno selo - Ravno selo","isPartOf":{"@id":"https:\/\/ravnoseloff.com\/en\/home\/#website"},"datePublished":"2019-10-03T09:19:06+00:00","dateModified":"2024-05-31T08:39:04+00:00","breadcrumb":{"@id":"https:\/\/ravnoseloff.com\/ravno-selo\/#breadcrumb"},"inLanguage":"en-GB","potentialAction":[{"@type":"ReadAction","target":["https:\/\/ravnoseloff.com\/ravno-selo\/"]}]},{"@type":"BreadcrumbList","@id":"https:\/\/ravnoseloff.com\/ravno-selo\/#breadcrumb","itemListElement":[{"@type":"ListItem","position":1,"name":"Po\u010detna","item":"https:\/\/ravnoseloff.com\/"},{"@type":"ListItem","position":2,"name":"Ravno selo"}]},{"@type":"WebSite","@id":"https:\/\/ravnoseloff.com\/en\/home\/#website","url":"https:\/\/ravnoseloff.com\/en\/home\/","name":"Ravno selo filmski festival","description":"Filmski festival","publisher":{"@id":"https:\/\/ravnoseloff.com\/en\/home\/#organization"},"potentialAction":[{"@type":"SearchAction","target":{"@type":"EntryPoint","urlTemplate":"https:\/\/ravnoseloff.com\/en\/home\/?s={search_term_string}"},"query-input":{"@type":"PropertyValueSpecification","valueRequired":true,"valueName":"search_term_string"}}],"inLanguage":"en-GB"},{"@type":"Organization","@id":"https:\/\/ravnoseloff.com\/en\/home\/#organization","name":"Ravno selo filmski festival","url":"https:\/\/ravnoseloff.com\/en\/home\/","logo":{"@type":"ImageObject","inLanguage":"en-GB","@id":"https:\/\/ravnoseloff.com\/en\/home\/#\/schema\/logo\/image\/","url":"https:\/\/ravnoseloff.com\/wp-content\/uploads\/2019\/10\/logo_sr.png","contentUrl":"https:\/\/ravnoseloff.com\/wp-content\/uploads\/2019\/10\/logo_sr.png","width":92,"height":47,"caption":"Ravno selo filmski festival"},"image":{"@id":"https:\/\/ravnoseloff.com\/en\/home\/#\/schema\/logo\/image\/"}}]}},"_links":{"self":[{"href":"https:\/\/ravnoseloff.com\/en\/wp-json\/wp\/v2\/pages\/1551"}],"collection":[{"href":"https:\/\/ravnoseloff.com\/en\/wp-json\/wp\/v2\/pages"}],"about":[{"href":"https:\/\/ravnoseloff.com\/en\/wp-json\/wp\/v2\/types\/page"}],"author":[{"embeddable":true,"href":"https:\/\/ravnoseloff.com\/en\/wp-json\/wp\/v2\/users\/1"}],"replies":[{"embeddable":true,"href":"https:\/\/ravnoseloff.com\/en\/wp-json\/wp\/v2\/comments?post=1551"}],"version-history":[{"count":8,"href":"https:\/\/ravnoseloff.com\/en\/wp-json\/wp\/v2\/pages\/1551\/revisions"}],"predecessor-version":[{"id":1557,"href":"https:\/\/ravnoseloff.com\/en\/wp-json\/wp\/v2\/pages\/1551\/revisions\/1557"}],"wp:attachment":[{"href":"https:\/\/ravnoseloff.com\/en\/wp-json\/wp\/v2\/media?parent=1551"}],"curies":[{"name":"wp","href":"https:\/\/api.w.org\/{rel}","templated":true}]}}

<div class="wpb-content-wrapper"><div class="vc_row wpb_row vc_row-fluid vc_custom_1717144741892"><div class="wpb_column vc_column_container vc_col-sm-12"><div class="vc_column-inner"><div class="wpb_wrapper"><h1 style="text-align: left" class="vc_custom_heading" >About Ravno Selo</h1><div class="vc_empty_space"   style="height: 25px"><span class="vc_empty_space_inner"></span></div>
	<div  class="wpb_single_image wpb_content_element vc_align_left">
		
		<figure class="wpb_wrapper vc_figure">
			<div class="vc_single_image-wrapper   vc_box_border_grey"><img fetchpriority="high" decoding="async" width="1920" height="1025" src="https://ravnoseloff.com/wp-content/uploads/2019/10/ravno-selo-vetrenjaca.jpg" class="vc_single_image-img attachment-full" alt="" title="ravno-selo-vetrenjaca" srcset="https://ravnoseloff.com/wp-content/uploads/2019/10/ravno-selo-vetrenjaca.jpg 1920w, https://ravnoseloff.com/wp-content/uploads/2019/10/ravno-selo-vetrenjaca-300x160.jpg 300w, https://ravnoseloff.com/wp-content/uploads/2019/10/ravno-selo-vetrenjaca-768x410.jpg 768w, https://ravnoseloff.com/wp-content/uploads/2019/10/ravno-selo-vetrenjaca-1024x547.jpg 1024w" sizes="(max-width: 1920px) 100vw, 1920px" /></div>
		</figure>
	</div>
<div class="vc_empty_space"   style="height: 25px"><span class="vc_empty_space_inner"></span></div>
	<div class="wpb_text_column wpb_content_element" >
		<div class="wpb_wrapper">
			<p>Ravno Selo is a typical Bačka village. It's the furthest from the municipal center of Vrbas, but it also offers the best connection to the western parts of Bačka and the Republic of Croatia. It lies between Kulpin and Zmajevo, or as Samu Borovsky, the author of the Bačka county monograph, put it: "Stare Šove (as the village was called until 1946) lies in the Novi Sad district between Kulpin and Stari Ker (Zmajevo)."
The legend of this village's origin states that it was founded in the 15th century, with the first written records dating back to the late 15th century, specifically between 1484 and 1502. One of the owners of this area was the Hungarian nobleman Egeriš Idečkij, after whom the Jegrička River, which flows through the village, was named.</p>
<p>The very origin of the village is marked by three significant settlements that, over time, merged into a single village at its current location. These "villages" were: Male Šove, Alpar, and Paška.

The village of Šove (now Ravno Selo), like the entire Bačka region, was part of the Hungarian state until the Battle of Mohács in 1526, when it became part of the Ottoman Empire. After 1699 and the Treaty of Karlowitz, Bačka, and thus the village of Šove, once again found itself within the Hungarian state. From 1918, the village of Šove, along with all of Bačka, was annexed to the state of Serbia.

Following the colonization organized in 1945, the village's demographic structure changed, and its name was changed to Ravno Selo. Today, this "typical Bačka village" has just over 3,000 inhabitants, with a majority Serbian population, alongside Montenegrins, Macedonians, Hungarians, Croats, Roma, and others.</p>
<p style="text-align: right;">Boro Vojinović,<br />
<span style="color: #ffde00;">Curator - Historian</span></p>

		</div>
	</div>
</div></div></div></div>
</div>

O Ravnom Selu Ravno Selo je tipično bačko selo, najudaljenije je od opštinskog centra Vrbas, ali i najbolja veza prema zapadnim krajevima Bačke odnosno republike Hrvatske. Nalazi se između Kulpina i Zmajeva ili kako bi to rekao sastavljač monografije bačke županije Samu Borovski „Stare Šove (kako se selo nazivalo do 1946. godine), leže u novosadskom [...]

<!-- This site is optimized with the Yoast SEO plugin v23.6 - https://yoast.com/wordpress/plugins/seo/ -->
<title>Ravno selo - Ravno selo</title>
<meta name="robots" content="index, follow, max-snippet:-1, max-image-preview:large, max-video-preview:-1" />
<link rel="canonical" href="https://ravnoseloff.com/en/ravno-selo/" />
<meta property="og:locale" content="en_GB" />
<meta property="og:type" content="article" />
<meta property="og:title" content="Ravno selo - Ravno selo" />
<meta property="og:url" content="https://ravnoseloff.com/en/ravno-selo/" />
<meta property="og:site_name" content="Ravno selo" />
<meta property="article:modified_time" content="2024-05-31T08:39:04+00:00" />
<meta name="twitter:card" content="summary_large_image" />
<meta name="twitter:label1" content="Estimated reading time" />
	<meta name="twitter:data1" content="2 minutes" />
<script type="application/ld+json" class="yoast-schema-graph">{"@context":"https://schema.org","@graph":[{"@type":"WebPage","@id":"https://ravnoseloff.com/ravno-selo/","url":"https://ravnoseloff.com/ravno-selo/","name":"Ravno selo - Ravno selo","isPartOf":{"@id":"https://ravnoseloff.com/en/home/#website"},"datePublished":"2019-10-03T09:19:06+00:00","dateModified":"2024-05-31T08:39:04+00:00","breadcrumb":{"@id":"https://ravnoseloff.com/ravno-selo/#breadcrumb"},"inLanguage":"en-GB","potentialAction":[{"@type":"ReadAction","target":["https://ravnoseloff.com/ravno-selo/"]}]},{"@type":"BreadcrumbList","@id":"https://ravnoseloff.com/ravno-selo/#breadcrumb","itemListElement":[{"@type":"ListItem","position":1,"name":"Početna","item":"https://ravnoseloff.com/"},{"@type":"ListItem","position":2,"name":"Ravno selo"}]},{"@type":"WebSite","@id":"https://ravnoseloff.com/en/home/#website","url":"https://ravnoseloff.com/en/home/","name":"Ravno selo filmski festival","description":"Filmski festival","publisher":{"@id":"https://ravnoseloff.com/en/home/#organization"},"potentialAction":[{"@type":"SearchAction","target":{"@type":"EntryPoint","urlTemplate":"https://ravnoseloff.com/en/home/?s={search_term_string}"},"query-input":{"@type":"PropertyValueSpecification","valueRequired":true,"valueName":"search_term_string"}}],"inLanguage":"en-GB"},{"@type":"Organization","@id":"https://ravnoseloff.com/en/home/#organization","name":"Ravno selo filmski festival","url":"https://ravnoseloff.com/en/home/","logo":{"@type":"ImageObject","inLanguage":"en-GB","@id":"https://ravnoseloff.com/en/home/#/schema/logo/image/","url":"https://ravnoseloff.com/wp-content/uploads/2019/10/logo_sr.png","contentUrl":"https://ravnoseloff.com/wp-content/uploads/2019/10/logo_sr.png","width":92,"height":47,"caption":"Ravno selo filmski festival"},"image":{"@id":"https://ravnoseloff.com/en/home/#/schema/logo/image/"}}]}</script>
<!-- / Yoast SEO plugin. -->

Početna
