{"id":2729,"date":"2025-06-11T17:58:16","date_gmt":"2025-06-11T15:58:16","guid":{"rendered":"https:\/\/ravnoseloff.com\/?page_id=2729"},"modified":"2025-06-20T22:47:24","modified_gmt":"2025-06-20T20:47:24","slug":"filmovi2025","status":"publish","type":"page","link":"https:\/\/ravnoseloff.com\/en\/filmovi2025\/","title":{"rendered":"Filmovi2025"},"content":{"rendered":"<div class=\"wpb-content-wrapper\"><div class=\"vc_row wpb_row vc_row-fluid\"><div class=\"wpb_column vc_column_container vc_col-sm-12\"><div class=\"vc_column-inner\"><div class=\"wpb_wrapper\"><h4 style=\"color: #ffffff;text-align: left;font-family:Abril Fatface;font-weight:400;font-style:normal\" class=\"vc_custom_heading translation-block\" >Film out of competition<br>\nOpening screening:<\/h4><div class=\"vc_empty_space\"   style=\"height: 32px\"><span class=\"vc_empty_space_inner\"><\/span><\/div><\/div><\/div><\/div><\/div><div data-vc-full-width=\"true\" data-vc-full-width-init=\"false\" class=\"vc_row wpb_row vc_row-fluid wpb_animate_when_almost_visible wpb_fadeIn fadeIn vc_custom_1749652160669 vc_row-o-equal-height vc_row-flex\"><div class=\"wpb_column vc_column_container vc_col-sm-6\"><div class=\"vc_column-inner vc_custom_1749652143498\"><div class=\"wpb_wrapper\">\n\t<div  class=\"wpb_single_image wpb_content_element vc_align_right\">\n\t\t\n\t\t<figure class=\"wpb_wrapper vc_figure\">\n\t\t\t<a href=\"https:\/\/www.imdb.com\/title\/tt9793584\/\" target=\"_blank\" class=\"vc_single_image-wrapper   vc_box_border_grey\"><img fetchpriority=\"high\" decoding=\"async\" width=\"300\" height=\"430\" src=\"https:\/\/ravnoseloff.com\/wp-content\/uploads\/2025\/06\/Nikola-Tesla-Poster.webp\" class=\"vc_single_image-img attachment-full\" alt=\"\" title=\"Nikola Tesla Poster\" srcset=\"https:\/\/ravnoseloff.com\/wp-content\/uploads\/2025\/06\/Nikola-Tesla-Poster.webp 300w, https:\/\/ravnoseloff.com\/wp-content\/uploads\/2025\/06\/Nikola-Tesla-Poster-209x300.webp 209w, https:\/\/ravnoseloff.com\/wp-content\/uploads\/2025\/06\/Nikola-Tesla-Poster-8x12.webp 8w\" sizes=\"(max-width: 300px) 100vw, 300px\" \/><\/a>\n\t\t<\/figure>\n\t<\/div>\n<\/div><\/div><\/div><div class=\"wpb_column vc_column_container vc_col-sm-6\"><div class=\"vc_column-inner\"><div class=\"wpb_wrapper\"><h4 style=\"color: #d99324;text-align: left;font-family:Abril Fatface;font-weight:400;font-style:normal\" class=\"vc_custom_heading\" >NIKOLA TESLA: THE MAN FROM THE FUTURE<\/h4>\n\t<div class=\"wpb_text_column wpb_content_element\" >\n\t\t<div class=\"wpb_wrapper\">\n\t\t\t<p>16 min<\/p>\n<p class=\"translation-block\"><b>Director:<\/b> Alessandro Parrello<\/p>\n<p class=\"translation-block\"><b>Cast:<\/b> Alessandro Parello, Sean Buchanan, Ross McCall, Federico Lelapi, Lorenzo Lalli, Marika De Chiara<\/p>\n<p>New York, May 16, 1888. The visionary inventor Nikola Tesla is preparing to present an innovative alternating current asynchronous motor. From that day on, the world will be forever changed. Is Tesla just a young scientist, or a visionary genius from the future?<\/p>\n\n\t\t<\/div>\n\t<\/div>\n<\/div><\/div><\/div><\/div><div class=\"vc_row-full-width vc_clearfix\"><\/div><div class=\"vc_row wpb_row vc_row-fluid\"><div class=\"wpb_column vc_column_container vc_col-sm-12\"><div class=\"vc_column-inner\"><div class=\"wpb_wrapper\"><div class=\"vc_separator wpb_content_element vc_separator_align_center vc_sep_width_100 vc_sep_pos_align_center vc_separator_no_text vc_sep_color_orange\" ><span class=\"vc_sep_holder vc_sep_holder_l\"><span class=\"vc_sep_line\"><\/span><\/span><span class=\"vc_sep_holder vc_sep_holder_r\"><span class=\"vc_sep_line\"><\/span><\/span>\n<\/div>\n\t<div class=\"wpb_text_column wpb_content_element\" >\n\t\t<div class=\"wpb_wrapper\">\n\t\t\t<p><a href=\"https:\/\/ravnoseloff.com\/en\/filmovi\/igrani-program\/\"><span style=\"text-decoration: underline;\"><span style=\"font-family: helvetica, arial, sans-serif; font-size: 18pt;\">Feature film program<\/span><\/span><\/a><\/p>\n<p><a href=\"https:\/\/ravnoseloff.com\/en\/filmovi2025\/dokumentarni-program\/\"><span style=\"text-decoration: underline;\"><span style=\"font-family: helvetica, arial, sans-serif; font-size: 18pt;\">Documentary program<\/span><\/span><\/a><\/p>\n<p><a href=\"https:\/\/ravnoseloff.com\/en\/filmovi2025\/studentski-program\/\"><span style=\"text-decoration: underline;\"><span style=\"font-family: helvetica, arial, sans-serif; font-size: 18pt;\">Student program<\/span><\/span><\/a><\/p>\n\n\t\t<\/div>\n\t<\/div>\n<\/div><\/div><\/div><\/div><div class=\"vc_row wpb_row vc_row-fluid\"><div class=\"wpb_column vc_column_container vc_col-sm-12\"><div class=\"vc_column-inner\"><div class=\"wpb_wrapper\"><\/div><\/div><\/div><\/div>\n<\/div>","protected":false},"excerpt":{"rendered":"Film van konkurencije Uvodna projekcija: NIKOLA TESLA: \u010cOVEK IZ BUDU\u0106NOSTI 16 min Re\u017eija: Alessandro Parrello Uloge: Alessandro Parello, Sean Buchanan, Ross McCall, Federico Lelapi, Lorenzo Lalli, Marika De Chiara Njujork, 16. maj 1888. Vizionarski pronalaza\u010d Nikola Tesla sprema se da predstavi inovativni asinhroni motor naizmeni\u010dne struje. Od tog dana svet c\u0301e se zauvek promeniti. Da [...]","protected":false},"author":1,"featured_media":0,"parent":0,"menu_order":0,"comment_status":"closed","ping_status":"closed","template":"","meta":{"_acf_changed":false,"footnotes":""},"class_list":["post-2729","page","type-page","status-publish","hentry"],"acf":[],"yoast_head":"<!-- This site is optimized with the Yoast SEO plugin v23.6 - https:\/\/yoast.com\/wordpress\/plugins\/seo\/ -->\n<title>Filmovi2025 - Ravno selo<\/title>\n<meta name=\"robots\" content=\"index, follow, max-snippet:-1, max-image-preview:large, max-video-preview:-1\" \/>\n<link rel=\"canonical\" href=\"https:\/\/ravnoseloff.com\/en\/filmovi2025\/\" \/>\n<meta property=\"og:locale\" content=\"en_GB\" \/>\n<meta property=\"og:type\" content=\"article\" \/>\n<meta property=\"og:title\" content=\"Filmovi2025 - Ravno selo\" \/>\n<meta property=\"og:url\" content=\"https:\/\/ravnoseloff.com\/en\/filmovi2025\/\" \/>\n<meta property=\"og:site_name\" content=\"Ravno selo\" \/>\n<meta property=\"article:modified_time\" content=\"2025-06-20T20:47:24+00:00\" \/>\n<meta name=\"twitter:card\" content=\"summary_large_image\" \/>\n<meta name=\"twitter:label1\" content=\"Estimated reading time\" \/>\n\t<meta name=\"twitter:data1\" content=\"1 minute\" \/>\n<script type=\"application\/ld+json\" class=\"yoast-schema-graph\">{\"@context\":\"https:\/\/schema.org\",\"@graph\":[{\"@type\":\"WebPage\",\"@id\":\"https:\/\/ravnoseloff.com\/filmovi2025\/\",\"url\":\"https:\/\/ravnoseloff.com\/filmovi2025\/\",\"name\":\"Filmovi2025 - Ravno selo\",\"isPartOf\":{\"@id\":\"https:\/\/ravnoseloff.com\/en\/home\/#website\"},\"datePublished\":\"2025-06-11T15:58:16+00:00\",\"dateModified\":\"2025-06-20T20:47:24+00:00\",\"breadcrumb\":{\"@id\":\"https:\/\/ravnoseloff.com\/filmovi2025\/#breadcrumb\"},\"inLanguage\":\"en-GB\",\"potentialAction\":[{\"@type\":\"ReadAction\",\"target\":[\"https:\/\/ravnoseloff.com\/filmovi2025\/\"]}]},{\"@type\":\"BreadcrumbList\",\"@id\":\"https:\/\/ravnoseloff.com\/filmovi2025\/#breadcrumb\",\"itemListElement\":[{\"@type\":\"ListItem\",\"position\":1,\"name\":\"Po\u010detna\",\"item\":\"https:\/\/ravnoseloff.com\/\"},{\"@type\":\"ListItem\",\"position\":2,\"name\":\"Filmovi2025\"}]},{\"@type\":\"WebSite\",\"@id\":\"https:\/\/ravnoseloff.com\/en\/home\/#website\",\"url\":\"https:\/\/ravnoseloff.com\/en\/home\/\",\"name\":\"Ravno selo filmski festival\",\"description\":\"Filmski festival\",\"publisher\":{\"@id\":\"https:\/\/ravnoseloff.com\/en\/home\/#organization\"},\"potentialAction\":[{\"@type\":\"SearchAction\",\"target\":{\"@type\":\"EntryPoint\",\"urlTemplate\":\"https:\/\/ravnoseloff.com\/en\/home\/?s={search_term_string}\"},\"query-input\":{\"@type\":\"PropertyValueSpecification\",\"valueRequired\":true,\"valueName\":\"search_term_string\"}}],\"inLanguage\":\"en-GB\"},{\"@type\":\"Organization\",\"@id\":\"https:\/\/ravnoseloff.com\/en\/home\/#organization\",\"name\":\"Ravno selo filmski festival\",\"url\":\"https:\/\/ravnoseloff.com\/en\/home\/\",\"logo\":{\"@type\":\"ImageObject\",\"inLanguage\":\"en-GB\",\"@id\":\"https:\/\/ravnoseloff.com\/en\/home\/#\/schema\/logo\/image\/\",\"url\":\"https:\/\/ravnoseloff.com\/wp-content\/uploads\/2019\/10\/logo_sr.png\",\"contentUrl\":\"https:\/\/ravnoseloff.com\/wp-content\/uploads\/2019\/10\/logo_sr.png\",\"width\":92,\"height\":47,\"caption\":\"Ravno selo filmski festival\"},\"image\":{\"@id\":\"https:\/\/ravnoseloff.com\/en\/home\/#\/schema\/logo\/image\/\"}}]}<\/script>\n<!-- \/ Yoast SEO plugin. -->","yoast_head_json":{"title":"Filmovi2025 - Ravno selo","robots":{"index":"index","follow":"follow","max-snippet":"max-snippet:-1","max-image-preview":"max-image-preview:large","max-video-preview":"max-video-preview:-1"},"canonical":"https:\/\/ravnoseloff.com\/en\/filmovi2025\/","og_locale":"en_GB","og_type":"article","og_title":"Filmovi2025 - Ravno selo","og_url":"https:\/\/ravnoseloff.com\/en\/filmovi2025\/","og_site_name":"Ravno selo","article_modified_time":"2025-06-20T20:47:24+00:00","twitter_card":"summary_large_image","twitter_misc":{"Estimated reading time":"1 minute"},"schema":{"@context":"https:\/\/schema.org","@graph":[{"@type":"WebPage","@id":"https:\/\/ravnoseloff.com\/filmovi2025\/","url":"https:\/\/ravnoseloff.com\/filmovi2025\/","name":"Filmovi2025 - Ravno selo","isPartOf":{"@id":"https:\/\/ravnoseloff.com\/en\/home\/#website"},"datePublished":"2025-06-11T15:58:16+00:00","dateModified":"2025-06-20T20:47:24+00:00","breadcrumb":{"@id":"https:\/\/ravnoseloff.com\/filmovi2025\/#breadcrumb"},"inLanguage":"en-GB","potentialAction":[{"@type":"ReadAction","target":["https:\/\/ravnoseloff.com\/filmovi2025\/"]}]},{"@type":"BreadcrumbList","@id":"https:\/\/ravnoseloff.com\/filmovi2025\/#breadcrumb","itemListElement":[{"@type":"ListItem","position":1,"name":"Po\u010detna","item":"https:\/\/ravnoseloff.com\/"},{"@type":"ListItem","position":2,"name":"Filmovi2025"}]},{"@type":"WebSite","@id":"https:\/\/ravnoseloff.com\/en\/home\/#website","url":"https:\/\/ravnoseloff.com\/en\/home\/","name":"Ravno selo filmski festival","description":"Filmski festival","publisher":{"@id":"https:\/\/ravnoseloff.com\/en\/home\/#organization"},"potentialAction":[{"@type":"SearchAction","target":{"@type":"EntryPoint","urlTemplate":"https:\/\/ravnoseloff.com\/en\/home\/?s={search_term_string}"},"query-input":{"@type":"PropertyValueSpecification","valueRequired":true,"valueName":"search_term_string"}}],"inLanguage":"en-GB"},{"@type":"Organization","@id":"https:\/\/ravnoseloff.com\/en\/home\/#organization","name":"Ravno selo filmski festival","url":"https:\/\/ravnoseloff.com\/en\/home\/","logo":{"@type":"ImageObject","inLanguage":"en-GB","@id":"https:\/\/ravnoseloff.com\/en\/home\/#\/schema\/logo\/image\/","url":"https:\/\/ravnoseloff.com\/wp-content\/uploads\/2019\/10\/logo_sr.png","contentUrl":"https:\/\/ravnoseloff.com\/wp-content\/uploads\/2019\/10\/logo_sr.png","width":92,"height":47,"caption":"Ravno selo filmski festival"},"image":{"@id":"https:\/\/ravnoseloff.com\/en\/home\/#\/schema\/logo\/image\/"}}]}},"_links":{"self":[{"href":"https:\/\/ravnoseloff.com\/en\/wp-json\/wp\/v2\/pages\/2729"}],"collection":[{"href":"https:\/\/ravnoseloff.com\/en\/wp-json\/wp\/v2\/pages"}],"about":[{"href":"https:\/\/ravnoseloff.com\/en\/wp-json\/wp\/v2\/types\/page"}],"author":[{"embeddable":true,"href":"https:\/\/ravnoseloff.com\/en\/wp-json\/wp\/v2\/users\/1"}],"replies":[{"embeddable":true,"href":"https:\/\/ravnoseloff.com\/en\/wp-json\/wp\/v2\/comments?post=2729"}],"version-history":[{"count":12,"href":"https:\/\/ravnoseloff.com\/en\/wp-json\/wp\/v2\/pages\/2729\/revisions"}],"predecessor-version":[{"id":2783,"href":"https:\/\/ravnoseloff.com\/en\/wp-json\/wp\/v2\/pages\/2729\/revisions\/2783"}],"wp:attachment":[{"href":"https:\/\/ravnoseloff.com\/en\/wp-json\/wp\/v2\/media?parent=2729"}],"curies":[{"name":"wp","href":"https:\/\/api.w.org\/{rel}","templated":true}]}}

Film van konkurencije Uvodna projekcija: NIKOLA TESLA: ČOVEK IZ BUDUĆNOSTI 16 min Režija: Alessandro Parrello Uloge: Alessandro Parello, Sean Buchanan, Ross McCall, Federico Lelapi, Lorenzo Lalli, Marika De Chiara Njujork, 16. maj 1888. Vizionarski pronalazač Nikola Tesla sprema se da predstavi inovativni asinhroni motor naizmenične struje. Od tog dana svet će se zauvek promeniti. Da [...]

<!-- This site is optimized with the Yoast SEO plugin v23.6 - https://yoast.com/wordpress/plugins/seo/ -->
<title>Filmovi2025 - Ravno selo</title>
<meta name="robots" content="index, follow, max-snippet:-1, max-image-preview:large, max-video-preview:-1" />
<link rel="canonical" href="https://ravnoseloff.com/en/filmovi2025/" />
<meta property="og:locale" content="en_GB" />
<meta property="og:type" content="article" />
<meta property="og:title" content="Filmovi2025 - Ravno selo" />
<meta property="og:url" content="https://ravnoseloff.com/en/filmovi2025/" />
<meta property="og:site_name" content="Ravno selo" />
<meta property="article:modified_time" content="2025-06-20T20:47:24+00:00" />
<meta name="twitter:card" content="summary_large_image" />
<meta name="twitter:label1" content="Estimated reading time" />
	<meta name="twitter:data1" content="1 minute" />
<script type="application/ld+json" class="yoast-schema-graph">{"@context":"https://schema.org","@graph":[{"@type":"WebPage","@id":"https://ravnoseloff.com/filmovi2025/","url":"https://ravnoseloff.com/filmovi2025/","name":"Filmovi2025 - Ravno selo","isPartOf":{"@id":"https://ravnoseloff.com/en/home/#website"},"datePublished":"2025-06-11T15:58:16+00:00","dateModified":"2025-06-20T20:47:24+00:00","breadcrumb":{"@id":"https://ravnoseloff.com/filmovi2025/#breadcrumb"},"inLanguage":"en-GB","potentialAction":[{"@type":"ReadAction","target":["https://ravnoseloff.com/filmovi2025/"]}]},{"@type":"BreadcrumbList","@id":"https://ravnoseloff.com/filmovi2025/#breadcrumb","itemListElement":[{"@type":"ListItem","position":1,"name":"Početna","item":"https://ravnoseloff.com/"},{"@type":"ListItem","position":2,"name":"Filmovi2025"}]},{"@type":"WebSite","@id":"https://ravnoseloff.com/en/home/#website","url":"https://ravnoseloff.com/en/home/","name":"Ravno selo filmski festival","description":"Filmski festival","publisher":{"@id":"https://ravnoseloff.com/en/home/#organization"},"potentialAction":[{"@type":"SearchAction","target":{"@type":"EntryPoint","urlTemplate":"https://ravnoseloff.com/en/home/?s={search_term_string}"},"query-input":{"@type":"PropertyValueSpecification","valueRequired":true,"valueName":"search_term_string"}}],"inLanguage":"en-GB"},{"@type":"Organization","@id":"https://ravnoseloff.com/en/home/#organization","name":"Ravno selo filmski festival","url":"https://ravnoseloff.com/en/home/","logo":{"@type":"ImageObject","inLanguage":"en-GB","@id":"https://ravnoseloff.com/en/home/#/schema/logo/image/","url":"https://ravnoseloff.com/wp-content/uploads/2019/10/logo_sr.png","contentUrl":"https://ravnoseloff.com/wp-content/uploads/2019/10/logo_sr.png","width":92,"height":47,"caption":"Ravno selo filmski festival"},"image":{"@id":"https://ravnoseloff.com/en/home/#/schema/logo/image/"}}]}</script>
<!-- / Yoast SEO plugin. -->

Početna
